t j = 128/23 - 338/69. Let b(w) be the first derivative of 17 - j*w**3 - 3/2*w**2 - w. Calculate b(-2).
-3
Let w(t) be the first derivative of -6*t**2 + 0*t - 5 - 1/24*t**4 - 1/6*t**3. Let b(j) be the second derivative of w(j). What is b(-2)?
1
Suppose 0 = 5*l + 10, 17 = 4*k - 4*l - 39. Suppose 3*s - 4*q + k = -2*q, 0 = -q. Let j(n) = -n**3 - 3*n**2 + n + 5. What is j(s)?
17
Suppose 83*t - 196*t + 1017 = 0. Let o(y) = y**3 - 9*y**2 - 5*y + 22. Calculate o(t).
-23
Let f be ((5 + -5)/(-3))/(-2 - 0). Suppose 2*b - 5*a = -a, f = 3*b + a. Let q(o) = -7 + 7 - o - 15 + 0*o. Give q(b).
-15
Let x(i) = 133*i - 1202. Let u be x(9). Let b(c) = -26*c + 6. Calculate b(u).
136
Let m(t) = 5*t + 151. Suppose 161*f - 606 + 2137 = -3782. What is m(f)?
-14
Let a(g) = 4*g**3 + 20*g**2 - 12*g - 19. Let l(o) = -3*o**3 - 20*o**2 + 16*o + 20. Let h(i) = 2*a(i) + 3*l(i). Determine h(-21).
-41
Let o(g) = -g**3 - 11*g**2 - 31*g - 6. Suppose 0 = 336*c - 300*c + 271 - 19. Give o(c).
15
Let c(s) = -s**2 - 3*s - 1. Suppose -4*x - 4 + 3 = -i, 2*x - 6 = 0. Suppose 8 = -a + i*o - 8*o, 2*o + 4 = -2*a. Calculate c(a).
-1
Let y(a) be the first derivative of -3*a**2 + 28*a - 1269. Calculate y(9).
-26
Suppose 0 = -9*r + 7*r + 4. Suppose -2*d = -r*i - 0*i, 0 = -i + 2*d + 3. Let v(y) = 5*y - 2. Determine v(i).
-17
Suppose -4*x - 2*k = 66, -x + 19*k - 17*k = 14. Let j(p) = p**2 + 23*p + 37. What is j(x)?
-75
Let i(v) = 1. Let x(t) = t + 2. Let o(z) = -i(z) - 3*x(z). Let m(b) = -2*b - 4. Let h(y) = 8*m(y) - 5*o(y). Determine h(4).
-1
Let u(r) = -13 - 11292*r + 11293*r - 10. Calculate u(27).
4
Let y(b) = 6*b**2 - 98*b + 29. Let s be 23 - 46 - (2 - 41). Determine y(s).
-3
Let n(l) = 7*l**2 + 10*l + 71. Let z(q) = 18*q**2 + 21*q + 151. Let o(d) = 5*n(d) - 2*z(d). Calculate o(13).
-12
Let d(h) = -3*h + 2. Suppose 2 = -3*v - 4. Let w be (-1)/(v/(-6))*-1. Suppose w*m - 4*l + 3 = 0, -17 = 3*m + 3*l + 7. What is d(m)?
17
Let m(b) = -190*b - 2278. Let g be m(-12). Let c(n) be the third derivative of 14*n**g + 1/60*n**5 + 7/6*n**3 - 7/24*n**4 + 0*n + 0. Give c(7).
7
Let m(s) = -s**3 - 8*s**2 - 22*s - 23. Let x be m(-5). Let a(q) = 8*q - 100. What is a(x)?
-4
Suppose 15*i - 1305 = -1380. Let l(c) = -c**3 - 2*c**2 + 3*c - 5. What is l(i)?
55
Let b(q) = 6*q + 2. Let r(t) = 35*t - 7. Let z(g) = -6*b(g) + r(g). Give z(16).
-35
Let a(v) = -5*v**2 + 4*v - 2. Let p(r) = 2*r - 6. Let i be p(4). Suppose 9 = -i*d + 13. What is a(d)?
-14
Let n(j) = -3*j**3 - 9*j**2 - 2*j - 6. Let i be n(-4). Let f = i + -94. Let v = f + 39. Let t(p) = p + 4. Determine t(v).
-1
Let o(x) = 49*x + 86. Let u be o(21). Let i(g) = -2230 + 1115 - 4*g + u. Calculate i(-10).
40
Let h(d) = -d**2 + 14*d - 44. Let f be h(6). Suppose 3*g - 5*m - 24 = 0, -f*g + 27 = g - 4*m. Let w(z) = -z**2 - 5*z + 2. Give w(g).
-22
Suppose 4*j + 5*x - 29 = 7, x - 12 = -2*j. Let t(w) be the first derivative of -w**4/4 + 4*w**3/3 - 2*w**2 - 3*w + 1010. What is t(j)?
-19
Suppose 28*k - 12 = 45 + 111. Let x(h) be the second derivative of 5/6*h**3 + k*h + 1/4*h**4 - 1/20*h**5 + 0 - 3*h**2. Give x(4).
-2
Let j(d) = -2*d - 5. Let i = -154 - -156. Suppose -49 + 37 = -i*t. What is j(t)?
-17
Suppose 3*j + 4*l - 11 = 0, j = 3*j + 4*l - 6. Suppose 0 = -4*g - 0*a - j*a, g = 5*a. Let y(k) = -2*k + 13 + g - 7 - 2. What is y(4)?
-4
Let j(k) be the first derivative of k**6/360 + k**5/60 + k**4/12 - 2*k**3/3 - 4*k + 121. Let h(a) be the third derivative of j(a). Determine h(-6).
26
Let j(b) be the third derivative of -b**6/120 + 7*b**5/60 - b**4/24 + b**3/6 - 603*b**2. What is j(6)?
31
Let o be ((-21)/(-12))/((-2)/8). Let q(s) = 7*s - 2. Let b(h) = -22*h + 6. Let j(r) = o*q(r) - 2*b(r). Let n = -11730 - -11733. Give j(n).
-13
Let s(t) = t**2 - 25*t - 115. Let x(o) = -o**2 + 7*o - 10. Let w be x(6). Give s(w).
1
Let n(b) = -b**3 + 13*b**2 - 14*b + 3. Let c(g) = -3*g**3 + 38*g**2 - 41*g + 9. Let f = -34 - -36. Suppose 7*o = 40 + f. Let q(d) = o*c(d) - 17*n(d). Give q(6).
-9
Let q = -5445 - -5450. Let g(i) = -i**3 + 7*i**2 - 2*i - 2. Determine g(q).
38
Let u be -1 - 1 - 7/(-1). Let j(r) = 7*r - 312118613*r**2 + 312118612*r**2 - 4*r - 1. Determine j(u).
-11
Let f(g) = -2*g**2 + 7*g + 2. Suppose 0 = -5*v - 2*a + 112, 5*v - 5*a + 8*a - 113 = 0. Suppose -7*q - 2*u = -6*q, 5*u = 3*q - v. Give f(q).
-2
Let a(i) = 1387*i + 19 + 1373*i - 2734*i. What is a(-7)?
-163
Suppose q = -2*v - 9, 0 = -2*q - 2*v - 3*v - 20. Let b(f) be the second derivative of 1/3*f**4 + 25 - 2*f - 3*f**2 - 7/6*f**3 + 1/20*f**5. What is b(q)?
4
Let g(n) = 2*n. Let w(z) = z**3 + 12*z**2 + 2*z + 25. Let s be w(-12). Let d(j) = -23*j. Let i(o) = s*d(o) + 4*g(o). What is i(1)?
-15
Let h be (3 - -7)*(156/130 + 2/(-2)). Let z(d) be the first derivative of -1/4*d**4 + 1/3*d**3 - 20 + 6*d + 1/2*d**h. Determine z(0).
6
Let b(u) = -u**3 + u**2 + 4. Let z be b(0). Suppose 0 = -2*y + z. Let a(v) = -4 + 7 + y*v - v - 6. Give a(4).
1
Let u(f) = -3*f**2 - 14. Let c(w) = 65*w**2 - 2*w + 323. Let r(s) = -c(s) - 23*u(s). Suppose -3*m = -5*j - 7, 3*j + 3*m - 8 = 7. Calculate r(j).
5
Suppose g + 5*t - 6 = 0, -2*t = -2*g + 3*t + 42. Let n = g + -17. Let p(w) = 6*w**3 + w. Give p(n).
-7
Suppose -3*b + 17 = -5*x + 1, -x = 4*b - 6. Let d(w) = 14*w + 38. What is d(x)?
10
Let m(y) = 5*y + 2 - 3 - 2*y. Let u be 7 - (6 + -382) - 0. Let x = u - 387. Determine m(x).
-13
Let n(m) be the second derivative of -4*m**4/3 - m**3/6 - 315*m. Let y be (-32)/(-8) - (4 + -1). Suppose -a + 0*a = -y. Give n(a).
-17
Let k(d) be the second derivative of -d**5/20 - 5*d**4/6 - 7*d**3/3 + 6*d**2 - 43*d - 16. Calculate k(-8).
-4
Let p be 1/(-2) - ((-7)/(-14) + 5). Let r be (p/15 + (-84)/15)/1. Let w(s) = -s**2 - 4*s + 8. Determine w(r).
-4
Let i(a) = 3*a**2 + a + 19. Let l(p) = -9*p**2 - 4*p - 71. Let x(u) = 7*i(u) + 2*l(u). Give x(6).
93
Let l(s) = -s - 3. Let v(a) be the third derivative of -a**6/60 + 2*a**5/15 - a**4/12 + 5*a**3/6 - 97*a**2. Let r be v(4). Calculate l(r).
0
Let c(n) = -n**3 + n**2 + n + 1. Let o(y) = -5*y**3 + 10*y**2 + 2*y + 2. Let d(g) = 4*c(g) - o(g). Determine d(5).
-13
Suppose 0 = 170*c - 175*c + 5*g + 20, -3*g = 4*c - 16. Let t(h) = 6*h - 32. Determine t(c).
-8
Let x(u) = 43*u - 2414 - 5*u + 2626 + u**2. What is x(-7)?
-5
Let c(l) be the first derivative of -l**4/12 + 3*l**3/2 + 3*l**2/2 - 161*l + 23. Let g(m) be the first derivative of c(m). What is g(10)?
-7
Let k(y) be the second derivative of -2 - 1/6*y**3 - 1/2*y**2 + 2*y + 1/20*y**5 - 5/12*y**4. Give k(5).
-6
Let y be (90/(-195))/(33/(-286)). Let q(d) = -d**2 + 12*d - 6. Let t(h) = 2*h - 1. Let p(x) = -q(x) + 3*t(x). Give p(y).
-5
Let m = 11 + -9. Suppose -d = -5*k - 22, -m*k - 4 = -0*d - 2*d. Let b be (-15)/1*2/k. Let g(r) = -r - 2. Give g(b).
-8
Let q(o) = -o**3 + 6*o**2 - 3*o. Let t = 39451 - 39446. Determine q(t).
10
Let j(n) = -n**3 + 7*n**2 - 15*n + 58. Let y be ((-18)/27)/((-3)/27). Let z be j(y). Let l(u) = u**3 - 3*u**2 - 5*u + 2. What is l(z)?
-2
Let j be (11/(33/(-90)))/(-3 + 5). Let n(u) = -u**2 - 14*u + 11. Determine n(j).
-4
Let v(g) = -8*g + 25. Let x(p) = -4*p + 23. Let c(z) = 4*v(z) - 5*x(z). Calculate c(-6).
57
Let t = 56 - 54. Let y = 1 + t. Let f(l) = -14*l + y*l + 10*l. Calculate f(-4).
4
Let b(d) = 3*d - 1. Let k(j) = -74. Let u = 110 - 106. Let h(l) = l + 74. Let f(v) = u*k(v) + 5*h(v). Let r be f(-14). Calculate b(r).
11
Let j(l) = l**3 - 28*l**2 - l + 34. Let s be j(28). Suppose -3*i + 8 = 4*d, 4*i + d = s*d - 41. Let f(q) = 5*q - 2. Calculate f(i).
-22
Let v(x) = -x**3 - 7*x**2 + 5*x + 2. Let h(t) = -t**2 + 10*t + 11. Let s be h(11). Suppose s = g - 11 - 107. Let z = -126 + g. Give v(z).
26
Let z(m) = -m + 5. Let d = 16 + -13. Let y be z(d). Let c(t) = 2*t - 3. Give c(y).
1
Let t(a) = 4 - 3360*a + 4*a**3 - 14*a**2 + 3373*a - 3*a**3 + 6. Determine t(12).
-122
Suppose 2*r - 2*o - 28 = 0, 0 = 147*r - 142*r - 3*o - 72. Let g(d) = -5*d + 49. Determine g(r).
-26
Let k(u) = -50*u**2 + 64*u + 11. Let z(n) = 33*n**2 - 46*n - 8. Let f(s) = -5*k(s) - 7*z(s). What is f(-1)?
18
Let a(g) = -1666*g + 800*g - 5*g**2 - 2 - g**2 + 866*g. Calculate a(4).
-98
Let q be (-54)/(-10) + (-6)/15. Suppose 2*l = q*l - 5*j - 26, 0 = -l - 2*j - 6. Let z(x) = 5 - 13*x - 4 + 2 + 5*x + x**l. Determine z(5).
-12
Let z(d) = -17*d + 9. Let h = 3746 + -3745. Give z(h).
-8
Let z(q) 